{"id":208,"date":"2016-10-25T12:10:14","date_gmt":"2016-10-25T12:10:14","guid":{"rendered":"https:\/\/hroptimum.hu\/?page_id=208"},"modified":"2016-11-03T20:17:09","modified_gmt":"2016-11-03T20:17:09","slug":"hr-iranyelvek-eljarasok-alkalmazotti-utmutato","status":"publish","type":"page","link":"https:\/\/hroptimum.hu\/index.php\/hr-iranyelvek-eljarasok-alkalmazotti-utmutato\/","title":{"rendered":"HR ir\u00e1nyelvek, elj\u00e1r\u00e1sok, alkalmazotti \u00fatmutat\u00f3"},"content":{"rendered":"<p>[et_pb_section fullwidth=&#8221;on&#8221; specialty=&#8221;off&#8221; admin_label=&#8221;Szakasz&#8221;][et_pb_fullwidth_slider admin_label=&#8221;Teljes sz\u00e9less\u00e9g\u0171 lapoz\u00f3&#8221; show_arrows=&#8221;on&#8221; show_pagination=&#8221;on&#8221; auto=&#8221;off&#8221; auto_ignore_hover=&#8221;off&#8221; parallax=&#8221;off&#8221; parallax_method=&#8221;off&#8221; remove_inner_shadow=&#8221;off&#8221; background_position=&#8221;default&#8221; background_size=&#8221;default&#8221; hide_content_on_mobile=&#8221;off&#8221; hide_cta_on_mobile=&#8221;off&#8221; show_image_video_mobile=&#8221;off&#8221; custom_button=&#8221;off&#8221; button_letter_spacing=&#8221;0&#8243; button_use_icon=&#8221;default&#8221; button_icon_placement=&#8221;right&#8221; button_on_hover=&#8221;on&#8221; button_letter_spacing_hover=&#8221;0&#8243;] [et_pb_slide heading=&#8221;HR IR\u00c1NYELVEK, ELJ\u00c1R\u00c1SOK, ALKALMAZOTTI \u00daTMUTAT\u00d3&#8221; background_position=&#8221;center&#8221; background_size=&#8221;cover&#8221; background_color=&#8221;#ffffff&#8221; use_bg_overlay=&#8221;off&#8221; use_text_overlay=&#8221;off&#8221; alignment=&#8221;center&#8221; background_layout=&#8221;dark&#8221; allow_player_pause=&#8221;off&#8221; text_border_radius=&#8221;3&#8243; header_font_select=&#8221;default&#8221; header_font=&#8221;||||&#8221; body_font_select=&#8221;default&#8221; body_font=&#8221;||||&#8221; custom_button=&#8221;off&#8221; button_font_select=&#8221;default&#8221; button_font=&#8221;||||&#8221; button_use_icon=&#8221;default&#8221; button_icon_placement=&#8221;right&#8221; button_on_hover=&#8221;on&#8221; background_image=&#8221;https:\/\/hroptimum.hu\/wp-content\/uploads\/2016\/10\/cegvezeto_ceo_hroptimum_hu.jpg&#8221;] [\/et_pb_slide] [\/et_pb_fullwidth_slider][\/et_pb_section][et_pb_section admin_label=&#8221;section&#8221;][et_pb_row admin_label=&#8221;row&#8221;][et_pb_column type=&#8221;4_4&#8243;][et_pb_text admin_label=&#8221;Sz\u00f6veg&#8221;]<\/p>\n<h4 style=\"text-align: justify;\"><span style=\"font-weight: 400;\">A c\u00e9g vezet\u0151jek\u00e9nt a legfontosabb dolog, amit tenni lehet: adjunk \u00edr\u00e1sba mindent. Ez egyar\u00e1nt vonatkozik mindenre: munkat\u00e1rsakkal val\u00f3 kapcsolatra \u00e9s az \u00fcgyfelekre is.<\/span><\/h4>\n<p style=\"text-align: justify;\"><span style=\"font-weight: 400;\">Sok foglalkoztat\u00e1ssal kapcsolatos peresked\u00e9s vezethet\u0151 vissza probl\u00e9m\u00e1s vagy nem l\u00e9tez\u0151 \u00edr\u00e1sos dokument\u00e1ci\u00f3ra, ami az ir\u00e1nyelveket \u00e9s szab\u00e1lyoz\u00e1st illeti. Minden v\u00e1llalat &#8211; legyen kicsi vagy nagy &#8211; megfelel\u0151 kock\u00e1zatkezel\u00e9ssel \u00e9s ir\u00e1nyelvekkel kiv\u00e1l\u00f3 politik\u00e1t alak\u00edthat ki.<\/span><\/p>\n<p style=\"text-align: justify;\"><span style=\"font-weight: 400;\">A munkahelyi probl\u00e9m\u00e1kat \u00e9rint\u0151 ir\u00e1nyelveket &#8211; \u00fagy mint r\u00e9szv\u00e9tel, fegyelmi elj\u00e1r\u00e1sok, munkav\u00e1llal\u00f3i biztons\u00e1g, doh\u00e1nyz\u00e1s, munkahelyi udvariass\u00e1g &#8211; meg kell hat\u00e1rozni, hogy minden munkat\u00e1rs sz\u00e1m\u00e1ra el\u00e9rhet\u0151 \u00e9s egy\u00e9rtelm\u0171 legyen.<\/span><\/p>\n<h4 style=\"text-align: justify;\"><span style=\"font-weight: 400;\">Ezek a legf\u0151bb el\u0151nyei annak, ha j\u00f3 elj\u00e1r\u00e1sokat \u00e9s ir\u00e1nyelveket r\u00f6gz\u00edt\u00fcnk:<\/span><\/h4>\n<ul style=\"text-align: justify;\">\n<li><span style=\"font-weight: 400;\">szervezeti hat\u00e9konys\u00e1g<\/span><\/li>\n<li><span style=\"font-weight: 400;\">m\u00e9lt\u00e1nyos \u00e9s k\u00f6vetkezetes foglalkoztat\u00e1si gyakorlatok<\/span><\/li>\n<li><span style=\"font-weight: 400;\">jogilag kifog\u00e1stalan munkak\u00f6rnyezet<\/span><\/li>\n<li><span style=\"font-weight: 400;\">egy\u00e9rtelm\u0171 hat\u00e1rok minden c\u00e9gen bel\u00fcli alkalmazottra vonatkoz\u00f3an<\/span><\/li>\n<li><span style=\"font-weight: 400;\">alkalmazotti k\u00e9zik\u00f6nyvek<\/span><\/li>\n<\/ul>\n<p style=\"text-align: justify;\"><span style=\"font-weight: 400;\">Egy mindent \u00e1tfog\u00f3 munkav\u00e1llal\u00f3i k\u00e9zik\u00f6nyv hat\u00e9konyan cs\u00f6kkenti a potenci\u00e1lis f\u00e9lre\u00e9rt\u00e9sek \u00e9s peresked\u00e9sek sz\u00e1m\u00e1t, valamint folyamatosan t\u00e1j\u00e9koztatja a munkat\u00e1rsakat. Tapasztal HR szakemberek biztos\u00edtj\u00e1k, hogy az alkalmazotti k\u00e9zik\u00f6nyv lefedje az alapokat, ide\u00e9rtve a foglalkoztat\u00e1si helyzetet, nyilv\u00e1ntart\u00e1sokat, b\u00e9rsz\u00e1mfejt\u00e9st, munkafelt\u00e9teleket, illetve a t\u00e1voll\u00e9tekre, magatart\u00e1si \u00e9s fegyelmi int\u00e9zked\u00e9sekre vonatkoz\u00f3 felt\u00e9teleket is.<\/span><\/p>\n<p>[\/et_pb_text][\/et_pb_column][\/et_pb_row][\/et_pb_section]<\/p>\n","protected":false},"excerpt":{"rendered":"<p>A c\u00e9g vezet\u0151jek\u00e9nt a legfontosabb dolog, amit tenni lehet: adjunk \u00edr\u00e1sba mindent. Ez egyar\u00e1nt vonatkozik mindenre: munkat\u00e1rsakkal val\u00f3 kapcsolatra \u00e9s az \u00fcgyfelekre is. Sok foglalkoztat\u00e1ssal kapcsolatos peresked\u00e9s vezethet\u0151 vissza probl\u00e9m\u00e1s vagy nem l\u00e9tez\u0151 \u00edr\u00e1sos dokument\u00e1ci\u00f3ra, ami az ir\u00e1nyelveket \u00e9s szab\u00e1lyoz\u00e1st illeti. Minden v\u00e1llalat &#8211; legyen kicsi vagy nagy &#8211; megfelel\u0151 kock\u00e1zatkezel\u00e9ssel \u00e9s ir\u00e1nyelvekkel kiv\u00e1l\u00f3 politik\u00e1t [&hellip;]<\/p>\n","protected":false},"author":2,"featured_media":212,"parent":0,"menu_order":0,"comment_status":"closed","ping_status":"closed","template":"","meta":{"_et_pb_use_builder":"on","_et_pb_old_content":"<h4 style=\"text-align: justify;\"><span style=\"font-weight: 400;\">A c\u00e9g vezet\u0151jek\u00e9nt a legfontosabb dolog, amit tenni lehet: adjunk \u00edr\u00e1sba mindent. Ez egyar\u00e1nt vonatkozik mindenre: munkat\u00e1rsakkal val\u00f3 kapcsolatra \u00e9s az \u00fcgyfelekre is.<\/span><\/h4><p style=\"text-align: justify;\"><span style=\"font-weight: 400;\">Sok foglalkoztat\u00e1ssal kapcsolatos peresked\u00e9s vezethet\u0151 vissza probl\u00e9m\u00e1s vagy nem l\u00e9tez\u0151 \u00edr\u00e1sos dokument\u00e1ci\u00f3ra, ami az ir\u00e1nyelveket \u00e9s szab\u00e1lyoz\u00e1st illeti. Minden v\u00e1llalat - legyen kicsi vagy nagy - megfelel\u0151 kock\u00e1zatkezel\u00e9ssel \u00e9s ir\u00e1nyelvekkel kiv\u00e1l\u00f3 politik\u00e1t alak\u00edthat ki.<\/span><\/p><p style=\"text-align: justify;\"><span style=\"font-weight: 400;\">A munkahelyi probl\u00e9m\u00e1kat \u00e9rint\u0151 ir\u00e1nyelveket - \u00fagy mint r\u00e9szv\u00e9tel, fegyelmi elj\u00e1r\u00e1sok, munkav\u00e1llal\u00f3i biztons\u00e1g, doh\u00e1nyz\u00e1s, munkahelyi udvariass\u00e1g - meg kell hat\u00e1rozni, hogy minden munkat\u00e1rs sz\u00e1m\u00e1ra el\u00e9rhet\u0151 \u00e9s egy\u00e9rtelm\u0171 legyen.<\/span><\/p><h4 style=\"text-align: justify;\"><span style=\"font-weight: 400;\">Ezek a legf\u0151bb el\u0151nyei annak, ha j\u00f3 elj\u00e1r\u00e1sokat \u00e9s ir\u00e1nyelveket r\u00f6gz\u00edt\u00fcnk:<\/span><\/h4><ul style=\"text-align: justify;\"><li><span style=\"font-weight: 400;\">szervezeti hat\u00e9konys\u00e1g<\/span><\/li><li><span style=\"font-weight: 400;\">m\u00e9lt\u00e1nyos \u00e9s k\u00f6vetkezetes foglalkoztat\u00e1si gyakorlatok<\/span><\/li><li><span style=\"font-weight: 400;\">jogilag kifog\u00e1stalan munkak\u00f6rnyezet<\/span><\/li><li><span style=\"font-weight: 400;\">egy\u00e9rtelm\u0171 hat\u00e1rok minden c\u00e9gen bel\u00fcli alkalmazottra vonatkoz\u00f3an<\/span><\/li><li><span style=\"font-weight: 400;\">alkalmazotti k\u00e9zik\u00f6nyvek<\/span><\/li><\/ul><p style=\"text-align: justify;\"><span style=\"font-weight: 400;\">Egy mindent \u00e1tfog\u00f3 munkav\u00e1llal\u00f3i k\u00e9zik\u00f6nyv hat\u00e9konyan cs\u00f6kkenti a potenci\u00e1lis f\u00e9lre\u00e9rt\u00e9sek \u00e9s peresked\u00e9sek sz\u00e1m\u00e1t, valamint folyamatosan t\u00e1j\u00e9koztatja a munkat\u00e1rsakat. Tapasztal HR szakemberek biztos\u00edtj\u00e1k, hogy az alkalmazotti k\u00e9zik\u00f6nyv lefedje az alapokat, ide\u00e9rtve a foglalkoztat\u00e1si helyzetet, nyilv\u00e1ntart\u00e1sokat, b\u00e9rsz\u00e1mfejt\u00e9st, munkafelt\u00e9teleket, illetve a t\u00e1voll\u00e9tekre, magatart\u00e1si \u00e9s fegyelmi int\u00e9zked\u00e9sekre vonatkoz\u00f3 felt\u00e9teleket is.<\/span><\/p>","_et_gb_content_width":"","footnotes":""},"class_list":["post-208","page","type-page","status-publish","has-post-thumbnail","hentry"],"aioseo_notices":[],"_links":{"self":[{"href":"https:\/\/hroptimum.hu\/index.php\/wp-json\/wp\/v2\/pages\/208","targetHints":{"allow":["GET"]}}],"collection":[{"href":"https:\/\/hroptimum.hu\/index.php\/wp-json\/wp\/v2\/pages"}],"about":[{"href":"https:\/\/hroptimum.hu\/index.php\/wp-json\/wp\/v2\/types\/page"}],"author":[{"embeddable":true,"href":"https:\/\/hroptimum.hu\/index.php\/wp-json\/wp\/v2\/users\/2"}],"replies":[{"embeddable":true,"href":"https:\/\/hroptimum.hu\/index.php\/wp-json\/wp\/v2\/comments?post=208"}],"version-history":[{"count":3,"href":"https:\/\/hroptimum.hu\/index.php\/wp-json\/wp\/v2\/pages\/208\/revisions"}],"predecessor-version":[{"id":333,"href":"https:\/\/hroptimum.hu\/index.php\/wp-json\/wp\/v2\/pages\/208\/revisions\/333"}],"wp:featuredmedia":[{"embeddable":true,"href":"https:\/\/hroptimum.hu\/index.php\/wp-json\/wp\/v2\/media\/212"}],"wp:attachment":[{"href":"https:\/\/hroptimum.hu\/index.php\/wp-json\/wp\/v2\/media?parent=208"}],"curies":[{"name":"wp","href":"https:\/\/api.w.org\/{rel}","templated":true}]}}

HR irányelvek, eljárások, alkalmazotti útmutató

<p>[et_pb_section fullwidth=&#8221;on&#8221; specialty=&#8221;off&#8221; admin_label=&#8221;Szakasz&#8221;][et_pb_fullwidth_slider admin_label=&#8221;Teljes szélességű lapozó&#8221; show_arrows=&#8221;on&#8221; show_pagination=&#8221;on&#8221; auto=&#8221;off&#8221; auto_ignore_hover=&#8221;off&#8221; parallax=&#8221;off&#8221; parallax_method=&#8221;off&#8221; remove_inner_shadow=&#8221;off&#8221; background_position=&#8221;default&#8221; background_size=&#8221;default&#8221; hide_content_on_mobile=&#8221;off&#8221; hide_cta_on_mobile=&#8221;off&#8221; show_image_video_mobile=&#8221;off&#8221; custom_button=&#8221;off&#8221; button_letter_spacing=&#8221;0&#8243; button_use_icon=&#8221;default&#8221; button_icon_placement=&#8221;right&#8221; button_on_hover=&#8221;on&#8221; button_letter_spacing_hover=&#8221;0&#8243;] [et_pb_slide heading=&#8221;HR IRÁNYELVEK, ELJÁRÁSOK, ALKALMAZOTTI ÚTMUTATÓ&#8221; background_position=&#8221;center&#8221; background_size=&#8221;cover&#8221; background_color=&#8221;#ffffff&#8221; use_bg_overlay=&#8221;off&#8221; use_text_overlay=&#8221;off&#8221; alignment=&#8221;center&#8221; background_layout=&#8221;dark&#8221; allow_player_pause=&#8221;off&#8221; text_border_radius=&#8221;3&#8243; header_font_select=&#8221;default&#8221; header_font=&#8221;||||&#8221; body_font_select=&#8221;default&#8221; body_font=&#8221;||||&#8221; custom_button=&#8221;off&#8221; button_font_select=&#8221;default&#8221; button_font=&#8221;||||&#8221; button_use_icon=&#8221;default&#8221; button_icon_placement=&#8221;right&#8221; button_on_hover=&#8221;on&#8221; background_image=&#8221;https://hroptimum.hu/wp-content/uploads/2016/10/cegvezeto_ceo_hroptimum_hu.jpg&#8221;] [/et_pb_slide] [/et_pb_fullwidth_slider][/et_pb_section][et_pb_section admin_label=&#8221;section&#8221;][et_pb_row admin_label=&#8221;row&#8221;][et_pb_column type=&#8221;4_4&#8243;][et_pb_text admin_label=&#8221;Szöveg&#8221;]</p>
<h4 style="text-align: justify;"><span style="font-weight: 400;">A cég vezetőjeként a legfontosabb dolog, amit tenni lehet: adjunk írásba mindent. Ez egyaránt vonatkozik mindenre: munkatársakkal való kapcsolatra és az ügyfelekre is.</span></h4>
<p style="text-align: justify;"><span style="font-weight: 400;">Sok foglalkoztatással kapcsolatos pereskedés vezethető vissza problémás vagy nem létező írásos dokumentációra, ami az irányelveket és szabályozást illeti. Minden vállalat &#8211; legyen kicsi vagy nagy &#8211; megfelelő kockázatkezeléssel és irányelvekkel kiváló politikát alakíthat ki.</span></p>
<p style="text-align: justify;"><span style="font-weight: 400;">A munkahelyi problémákat érintő irányelveket &#8211; úgy mint részvétel, fegyelmi eljárások, munkavállalói biztonság, dohányzás, munkahelyi udvariasság &#8211; meg kell határozni, hogy minden munkatárs számára elérhető és egyértelmű legyen.</span></p>
<h4 style="text-align: justify;"><span style="font-weight: 400;">Ezek a legfőbb előnyei annak, ha jó eljárásokat és irányelveket rögzítünk:</span></h4>
<ul style="text-align: justify;">
<li><span style="font-weight: 400;">szervezeti hatékonyság</span></li>
<li><span style="font-weight: 400;">méltányos és következetes foglalkoztatási gyakorlatok</span></li>
<li><span style="font-weight: 400;">jogilag kifogástalan munkakörnyezet</span></li>
<li><span style="font-weight: 400;">egyértelmű határok minden cégen belüli alkalmazottra vonatkozóan</span></li>
<li><span style="font-weight: 400;">alkalmazotti kézikönyvek</span></li>
</ul>
<p style="text-align: justify;"><span style="font-weight: 400;">Egy mindent átfogó munkavállalói kézikönyv hatékonyan csökkenti a potenciális félreértések és pereskedések számát, valamint folyamatosan tájékoztatja a munkatársakat. Tapasztal HR szakemberek biztosítják, hogy az alkalmazotti kézikönyv lefedje az alapokat, ideértve a foglalkoztatási helyzetet, nyilvántartásokat, bérszámfejtést, munkafeltételeket, illetve a távollétekre, magatartási és fegyelmi intézkedésekre vonatkozó feltételeket is.</span></p>
<p>[/et_pb_text][/et_pb_column][/et_pb_row][/et_pb_section]</p>

<p>A cég vezetőjeként a legfontosabb dolog, amit tenni lehet: adjunk írásba mindent. Ez egyaránt vonatkozik mindenre: munkatársakkal való kapcsolatra és az ügyfelekre is. Sok foglalkoztatással kapcsolatos pereskedés vezethető vissza problémás vagy nem létező írásos dokumentációra, ami az irányelveket és szabályozást illeti. Minden vállalat &#8211; legyen kicsi vagy nagy &#8211; megfelelő kockázatkezeléssel és irányelvekkel kiváló politikát [&hellip;]</p>

<h4 style="text-align: justify;"><span style="font-weight: 400;">A cég vezetőjeként a legfontosabb dolog, amit tenni lehet: adjunk írásba mindent. Ez egyaránt vonatkozik mindenre: munkatársakkal való kapcsolatra és az ügyfelekre is.</span></h4><p style="text-align: justify;"><span style="font-weight: 400;">Sok foglalkoztatással kapcsolatos pereskedés vezethető vissza problémás vagy nem létező írásos dokumentációra, ami az irányelveket és szabályozást illeti. Minden vállalat - legyen kicsi vagy nagy - megfelelő kockázatkezeléssel és irányelvekkel kiváló politikát alakíthat ki.</span></p><p style="text-align: justify;"><span style="font-weight: 400;">A munkahelyi problémákat érintő irányelveket - úgy mint részvétel, fegyelmi eljárások, munkavállalói biztonság, dohányzás, munkahelyi udvariasság - meg kell határozni, hogy minden munkatárs számára elérhető és egyértelmű legyen.</span></p><h4 style="text-align: justify;"><span style="font-weight: 400;">Ezek a legfőbb előnyei annak, ha jó eljárásokat és irányelveket rögzítünk:</span></h4><ul style="text-align: justify;"><li><span style="font-weight: 400;">szervezeti hatékonyság</span></li><li><span style="font-weight: 400;">méltányos és következetes foglalkoztatási gyakorlatok</span></li><li><span style="font-weight: 400;">jogilag kifogástalan munkakörnyezet</span></li><li><span style="font-weight: 400;">egyértelmű határok minden cégen belüli alkalmazottra vonatkozóan</span></li><li><span style="font-weight: 400;">alkalmazotti kézikönyvek</span></li></ul><p style="text-align: justify;"><span style="font-weight: 400;">Egy mindent átfogó munkavállalói kézikönyv hatékonyan csökkenti a potenciális félreértések és pereskedések számát, valamint folyamatosan tájékoztatja a munkatársakat. Tapasztal HR szakemberek biztosítják, hogy az alkalmazotti kézikönyv lefedje az alapokat, ideértve a foglalkoztatási helyzetet, nyilvántartásokat, bérszámfejtést, munkafeltételeket, illetve a távollétekre, magatartási és fegyelmi intézkedésekre vonatkozó feltételeket is.</span></p>
