{"id":215,"date":"2016-10-25T12:30:26","date_gmt":"2016-10-25T12:30:26","guid":{"rendered":"https:\/\/hroptimum.hu\/?page_id=215"},"modified":"2016-11-06T16:44:36","modified_gmt":"2016-11-06T16:44:36","slug":"munkakori-leirasok-elemzesek","status":"publish","type":"page","link":"https:\/\/hroptimum.hu\/index.php\/hr-iranyelvek-eljarasok-alkalmazotti-utmutato\/munkakori-leirasok-elemzesek\/","title":{"rendered":"Munkak\u00f6ri le\u00edr\u00e1sok, elemz\u00e9sek"},"content":{"rendered":"<h4 style=\"text-align: justify;\"><span style=\"font-weight: 400;\">Annak \u00e9rdek\u00e9ben, hogy a munkav\u00e1llal\u00f3i teljes\u00edtm\u00e9ny ide\u00e1lis legyen, nagyon fontos, hogy j\u00f3l meg\u00edrt munkak\u00f6ri le\u00edr\u00e1sokkal t\u00e1mogassuk az alkalmazottakat, hogy pontosan azonos\u00edtani tudj\u00e1k a feladatukat, hat\u00e1sk\u00f6r\u00fcket, ismerj\u00e9k a kompetenci\u00e1kat, \u00e9s a lehet\u0151s\u00e9geket a k\u00e9pz\u00e9sek ter\u00e9n.<\/span><\/h4>\n<p style=\"text-align: justify;\"><span style=\"font-weight: 400;\">A munkak\u00f6ri le\u00edr\u00e1sokat bizonyos id\u0151k\u00f6z\u00f6nk\u00e9nt meg kell vizsg\u00e1lni \u00e9s rendszeresen friss\u00edteni kell a fejleszt\u00e9sek \u00e9rdek\u00e9ben. A munk\u00e1hoz kapcsol\u00f3d\u00f3 k\u00e9pes\u00edt\u00e9sek, interj\u00fa k\u00e9rd\u00e9sek \u00e9s kiv\u00e1laszt\u00e1si krit\u00e9riumok meghat\u00e1roz\u00e1s\u00e1hoz is fontos ez a l\u00e9p\u00e9s.<\/span><\/p>\n<p style=\"text-align: justify;\"><span style=\"font-weight: 400;\">Egy j\u00f3 munkak\u00f6ri le\u00edr\u00e1s a munkak\u00f6ri szerep teljes elemz\u00e9s\u00e9vel kezd\u0151dik. L\u00e9nyeges, hogy meghat\u00e1rozza a feladatokat, amellyel a munkak\u00f6r j\u00e1r, \u00e9s lehet\u0151v\u00e9 tegye a hat\u00e9kony teljes\u00edt\u00e9st, az alkalmazottak karriertervez\u00e9s\u00e9t. A k\u00f6telez\u0151 k\u00f6vetelm\u00e9nyek, mint p\u00e9ld\u00e1ul az oktat\u00e1s, k\u00e9pz\u00e9sek, enged\u00e9lyek, tan\u00fas\u00edtv\u00e1nyok is egy\u00e9rtelm\u0171en szerepeljenek a munkak\u00f6ri le\u00edr\u00e1sban. Egy \u00e1tl\u00e1that\u00f3, \u00e1tfog\u00f3 k\u00e9p minden szerepr\u0151l sokat seg\u00edt a toborz\u00e1s sor\u00e1n is.<\/span><\/p>\n","protected":false},"excerpt":{"rendered":"<p>Annak \u00e9rdek\u00e9ben, hogy a munkav\u00e1llal\u00f3i teljes\u00edtm\u00e9ny ide\u00e1lis legyen, nagyon fontos, hogy j\u00f3l meg\u00edrt munkak\u00f6ri le\u00edr\u00e1sokkal t\u00e1mogassuk az alkalmazottakat, hogy pontosan azonos\u00edtani tudj\u00e1k a feladatukat, hat\u00e1sk\u00f6r\u00fcket, ismerj\u00e9k a kompetenci\u00e1kat, \u00e9s a lehet\u0151s\u00e9geket a k\u00e9pz\u00e9sek ter\u00e9n. A munkak\u00f6ri le\u00edr\u00e1sokat bizonyos id\u0151k\u00f6z\u00f6nk\u00e9nt meg kell vizsg\u00e1lni \u00e9s rendszeresen friss\u00edteni kell a fejleszt\u00e9sek \u00e9rdek\u00e9ben. A munk\u00e1hoz kapcsol\u00f3d\u00f3 k\u00e9pes\u00edt\u00e9sek, interj\u00fa k\u00e9rd\u00e9sek [&hellip;]<\/p>\n","protected":false},"author":2,"featured_media":217,"parent":208,"menu_order":0,"comment_status":"closed","ping_status":"closed","template":"","meta":{"_et_pb_use_builder":"","_et_pb_old_content":"","_et_gb_content_width":"","footnotes":""},"class_list":["post-215","page","type-page","status-publish","has-post-thumbnail","hentry"],"aioseo_notices":[],"_links":{"self":[{"href":"https:\/\/hroptimum.hu\/index.php\/wp-json\/wp\/v2\/pages\/215","targetHints":{"allow":["GET"]}}],"collection":[{"href":"https:\/\/hroptimum.hu\/index.php\/wp-json\/wp\/v2\/pages"}],"about":[{"href":"https:\/\/hroptimum.hu\/index.php\/wp-json\/wp\/v2\/types\/page"}],"author":[{"embeddable":true,"href":"https:\/\/hroptimum.hu\/index.php\/wp-json\/wp\/v2\/users\/2"}],"replies":[{"embeddable":true,"href":"https:\/\/hroptimum.hu\/index.php\/wp-json\/wp\/v2\/comments?post=215"}],"version-history":[{"count":1,"href":"https:\/\/hroptimum.hu\/index.php\/wp-json\/wp\/v2\/pages\/215\/revisions"}],"predecessor-version":[{"id":218,"href":"https:\/\/hroptimum.hu\/index.php\/wp-json\/wp\/v2\/pages\/215\/revisions\/218"}],"up":[{"embeddable":true,"href":"https:\/\/hroptimum.hu\/index.php\/wp-json\/wp\/v2\/pages\/208"}],"wp:featuredmedia":[{"embeddable":true,"href":"https:\/\/hroptimum.hu\/index.php\/wp-json\/wp\/v2\/media\/217"}],"wp:attachment":[{"href":"https:\/\/hroptimum.hu\/index.php\/wp-json\/wp\/v2\/media?parent=215"}],"curies":[{"name":"wp","href":"https:\/\/api.w.org\/{rel}","templated":true}]}}

Munkaköri leírások, elemzések

<h4 style="text-align: justify;"><span style="font-weight: 400;">Annak érdekében, hogy a munkavállalói teljesítmény ideális legyen, nagyon fontos, hogy jól megírt munkaköri leírásokkal támogassuk az alkalmazottakat, hogy pontosan azonosítani tudják a feladatukat, hatáskörüket, ismerjék a kompetenciákat, és a lehetőségeket a képzések terén.</span></h4>
<p style="text-align: justify;"><span style="font-weight: 400;">A munkaköri leírásokat bizonyos időközönként meg kell vizsgálni és rendszeresen frissíteni kell a fejlesztések érdekében. A munkához kapcsolódó képesítések, interjú kérdések és kiválasztási kritériumok meghatározásához is fontos ez a lépés.</span></p>
<p style="text-align: justify;"><span style="font-weight: 400;">Egy jó munkaköri leírás a munkaköri szerep teljes elemzésével kezdődik. Lényeges, hogy meghatározza a feladatokat, amellyel a munkakör jár, és lehetővé tegye a hatékony teljesítést, az alkalmazottak karriertervezését. A kötelező követelmények, mint például az oktatás, képzések, engedélyek, tanúsítványok is egyértelműen szerepeljenek a munkaköri leírásban. Egy átlátható, átfogó kép minden szerepről sokat segít a toborzás során is.</span></p>

<p>Annak érdekében, hogy a munkavállalói teljesítmény ideális legyen, nagyon fontos, hogy jól megírt munkaköri leírásokkal támogassuk az alkalmazottakat, hogy pontosan azonosítani tudják a feladatukat, hatáskörüket, ismerjék a kompetenciákat, és a lehetőségeket a képzések terén. A munkaköri leírásokat bizonyos időközönként meg kell vizsgálni és rendszeresen frissíteni kell a fejlesztések érdekében. A munkához kapcsolódó képesítések, interjú kérdések [&hellip;]</p>
