{"id":223,"date":"2016-10-25T12:39:54","date_gmt":"2016-10-25T12:39:54","guid":{"rendered":"https:\/\/hroptimum.hu\/?page_id=223"},"modified":"2016-11-06T16:42:37","modified_gmt":"2016-11-06T16:42:37","slug":"felmeresek-es-visszajelzesek","status":"publish","type":"page","link":"https:\/\/hroptimum.hu\/index.php\/hr-iranyelvek-eljarasok-alkalmazotti-utmutato\/felmeresek-es-visszajelzesek\/","title":{"rendered":"Felm\u00e9r\u00e9sek \u00e9s visszajelz\u00e9sek"},"content":{"rendered":"<h4 style=\"text-align: justify;\"><span style=\"font-weight: 400;\">A kommunik\u00e1ci\u00f3s utakat \u00e9rdemes mindk\u00e9t v\u00e9gen nyitva tartani. A bizalmas, alkalmazottak k\u00f6z\u00f6tt\u00a0v\u00e9gzett kutat\u00e1sok \u00e9s visszajelz\u00e9sek k\u00e9r\u00e9se egy remek m\u00f3dszer arra, hogy kider\u00edts\u00fck, mit gondolnak az alkalmazottak a munk\u00e1jukr\u00f3l, a vezet\u00e9sr\u0151l, vagy b\u00e1rmilyen egy\u00e9b t\u00e9nyez\u0151r\u0151l, ami a v\u00e1llalatot \u00e9rinti.<\/span><\/h4>\n<p style=\"text-align: justify;\"><span style=\"font-weight: 400;\"><img loading=\"lazy\" decoding=\"async\" class=\"size-medium wp-image-224 alignright\" src=\"https:\/\/hroptimum.hu\/wp-content\/uploads\/2016\/10\/hr_csapat_uzlet_hroptimum_hu-300x188.jpg\" alt=\"HR csapat\" width=\"300\" height=\"188\" srcset=\"https:\/\/hroptimum.hu\/wp-content\/uploads\/2016\/10\/hr_csapat_uzlet_hroptimum_hu-300x188.jpg 300w, https:\/\/hroptimum.hu\/wp-content\/uploads\/2016\/10\/hr_csapat_uzlet_hroptimum_hu.jpg 400w\" sizes=\"(max-width: 300px) 100vw, 300px\" \/>Egy hat\u00e9kony kezd\u0151sablonunk van a felm\u00e9r\u00e9sre, amelyet ig\u00e9ny szerint tudunk testre szabni att\u00f3l f\u00fcgg\u0151en, hogy mekkora v\u00e1llalatr\u00f3l van sz\u00f3, mivel foglalkozik, h\u00e1ny alkalmazottat foglalkoztat, mi<br \/>\nk a c\u00e9ljai \u00e9s strat\u00e9gi\u00e1i.<\/span><\/p>\n<p style=\"text-align: justify;\"><span style=\"font-weight: 400;\">Seg\u00edt\u00fcnk a kommunik\u00e1ci\u00f3s strat\u00e9gi\u00e1k l\u00e9trehoz\u00e1s\u00e1ban is, amely n\u00f6veli a bels\u0151 kommunik\u00e1ci\u00f3t, a munkav\u00e1llal\u00f3i r\u00e9szv\u00e9telt. Az alkalmazottak el\u0151tt mindig elmondjuk, mi a c\u00e9lja a felm\u00e9r\u00e9snek, mire ir\u00e1nyul, \u00e9s hogy az eredm\u00e9nyeket milyen m\u00f3don fogjuk felhaszn\u00e1lni. A felm\u00e9r\u00e9s ut\u00e1n az \u00fcgyf\u00e9l megkapja a teljes jelent\u00e9st \u00e9s elemz\u00e9st, az er\u0151ss\u00e9geket, gyenges\u00e9geket kielemezve, valamint egy javaslatot a k\u00f6vetkez\u0151 l\u00e9p\u00e9shez.<\/span><\/p>\n","protected":false},"excerpt":{"rendered":"<p>A kommunik\u00e1ci\u00f3s utakat \u00e9rdemes mindk\u00e9t v\u00e9gen nyitva tartani. A bizalmas, alkalmazottak k\u00f6z\u00f6tt\u00a0v\u00e9gzett kutat\u00e1sok \u00e9s visszajelz\u00e9sek k\u00e9r\u00e9se egy remek m\u00f3dszer arra, hogy kider\u00edts\u00fck, mit gondolnak az alkalmazottak a munk\u00e1jukr\u00f3l, a vezet\u00e9sr\u0151l, vagy b\u00e1rmilyen egy\u00e9b t\u00e9nyez\u0151r\u0151l, ami a v\u00e1llalatot \u00e9rinti. Egy hat\u00e9kony kezd\u0151sablonunk van a felm\u00e9r\u00e9sre, amelyet ig\u00e9ny szerint tudunk testre szabni att\u00f3l f\u00fcgg\u0151en, hogy mekkora v\u00e1llalatr\u00f3l [&hellip;]<\/p>\n","protected":false},"author":2,"featured_media":224,"parent":208,"menu_order":0,"comment_status":"closed","ping_status":"closed","template":"","meta":{"_et_pb_use_builder":"","_et_pb_old_content":"","_et_gb_content_width":"","footnotes":""},"class_list":["post-223","page","type-page","status-publish","has-post-thumbnail","hentry"],"aioseo_notices":[],"_links":{"self":[{"href":"https:\/\/hroptimum.hu\/index.php\/wp-json\/wp\/v2\/pages\/223","targetHints":{"allow":["GET"]}}],"collection":[{"href":"https:\/\/hroptimum.hu\/index.php\/wp-json\/wp\/v2\/pages"}],"about":[{"href":"https:\/\/hroptimum.hu\/index.php\/wp-json\/wp\/v2\/types\/page"}],"author":[{"embeddable":true,"href":"https:\/\/hroptimum.hu\/index.php\/wp-json\/wp\/v2\/users\/2"}],"replies":[{"embeddable":true,"href":"https:\/\/hroptimum.hu\/index.php\/wp-json\/wp\/v2\/comments?post=223"}],"version-history":[{"count":3,"href":"https:\/\/hroptimum.hu\/index.php\/wp-json\/wp\/v2\/pages\/223\/revisions"}],"predecessor-version":[{"id":445,"href":"https:\/\/hroptimum.hu\/index.php\/wp-json\/wp\/v2\/pages\/223\/revisions\/445"}],"up":[{"embeddable":true,"href":"https:\/\/hroptimum.hu\/index.php\/wp-json\/wp\/v2\/pages\/208"}],"wp:featuredmedia":[{"embeddable":true,"href":"https:\/\/hroptimum.hu\/index.php\/wp-json\/wp\/v2\/media\/224"}],"wp:attachment":[{"href":"https:\/\/hroptimum.hu\/index.php\/wp-json\/wp\/v2\/media?parent=223"}],"curies":[{"name":"wp","href":"https:\/\/api.w.org\/{rel}","templated":true}]}}