{"id":232,"date":"2016-10-27T08:01:56","date_gmt":"2016-10-27T08:01:56","guid":{"rendered":"https:\/\/hroptimum.hu\/?page_id=232"},"modified":"2016-11-06T16:32:26","modified_gmt":"2016-11-06T16:32:26","slug":"business-coaching","status":"publish","type":"page","link":"https:\/\/hroptimum.hu\/index.php\/business-coaching\/","title":{"rendered":"Business coaching"},"content":{"rendered":"<p>[et_pb_section admin_label=&#8221;Szakasz&#8221; fullwidth=&#8221;on&#8221; specialty=&#8221;off&#8221;][et_pb_fullwidth_slider admin_label=&#8221;Teljes sz\u00e9less\u00e9g\u0171 lapoz\u00f3&#8221; show_arrows=&#8221;on&#8221; show_pagination=&#8221;on&#8221; auto=&#8221;off&#8221; auto_ignore_hover=&#8221;off&#8221; parallax=&#8221;off&#8221; parallax_method=&#8221;off&#8221; remove_inner_shadow=&#8221;off&#8221; background_position=&#8221;default&#8221; background_size=&#8221;default&#8221; hide_content_on_mobile=&#8221;off&#8221; hide_cta_on_mobile=&#8221;off&#8221; show_image_video_mobile=&#8221;off&#8221; custom_button=&#8221;off&#8221; button_letter_spacing=&#8221;0&#8243; button_use_icon=&#8221;default&#8221; button_icon_placement=&#8221;right&#8221; button_on_hover=&#8221;on&#8221; button_letter_spacing_hover=&#8221;0&#8243;] [et_pb_slide heading=&#8221;BUSSINES COACHING&#8221; background_image=&#8221;https:\/\/hroptimum.hu\/wp-content\/uploads\/2016\/10\/szervezetfejlesztes_tanacsadas_hroptimum_hu.jpg&#8221; background_position=&#8221;center&#8221; background_size=&#8221;cover&#8221; background_color=&#8221;#ffffff&#8221; use_bg_overlay=&#8221;off&#8221; use_text_overlay=&#8221;off&#8221; alignment=&#8221;center&#8221; background_layout=&#8221;light&#8221; allow_player_pause=&#8221;off&#8221; text_border_radius=&#8221;3&#8243; header_font_select=&#8221;default&#8221; header_font=&#8221;||||&#8221; body_font_select=&#8221;default&#8221; body_font=&#8221;||||&#8221; custom_button=&#8221;off&#8221; button_font_select=&#8221;default&#8221; button_font=&#8221;||||&#8221; button_use_icon=&#8221;default&#8221; button_icon_placement=&#8221;right&#8221; button_on_hover=&#8221;on&#8221;] [\/et_pb_slide] [\/et_pb_fullwidth_slider][\/et_pb_section][et_pb_section admin_label=&#8221;section&#8221;][et_pb_row admin_label=&#8221;row&#8221;][et_pb_column type=&#8221;4_4&#8243;][et_pb_text admin_label=&#8221;Sz\u00f6veg&#8221; background_layout=&#8221;light&#8221; text_orientation=&#8221;left&#8221; use_border_color=&#8221;off&#8221; border_color=&#8221;#ffffff&#8221; border_style=&#8221;solid&#8221;]<\/p>\n<h3 style=\"text-align: justify;\">Mi a business coaching?<\/h3>\n<p style=\"text-align: justify;\">A <strong>business coaching<\/strong> olyan szem\u00e9lyre szabott m\u00f3dszer &#8211; tan\u00e1csad\u00e1s, fejleszt\u00e9s, t\u00e1mogat\u00e1s &#8211; ahol a c\u00e9l egy c\u00e9g m\u0171k\u00f6d\u00e9s\u00e9nek hat\u00e9konyabb\u00e1 t\u00e9tele, szervezeti teljes\u00edtm\u00e9ny n\u00f6vel\u00e9se. Ez egy er\u0151teljes vezet\u0151i v\u00e1ltoz\u00e1s t\u00e1mogat\u00f3 folyamat. A <strong>business coaching<\/strong> n\u00e9h\u00e1ny h\u00f3nap alatt olyan megold\u00e1sokat eredm\u00e9nyez, szok\u00e1sokat r\u00f6gz\u00edt az \u00fcgyf\u00e9l mindennapjaiban, amelyek hossz\u00fa t\u00e1von seg\u00edtik a c\u00e9lok el\u00e9r\u00e9s\u00e9ben. A <strong>business coaching<\/strong> eredm\u00e9nyess\u00e9g\u00e9hez elk\u00f6telezetts\u00e9g \u00e9s v\u00e1ltozni akar\u00e1s is sz\u00fcks\u00e9ges, egy j\u00f3 <strong>business coach\u00a0<\/strong>\u00f6nmag\u00e1ban ehhez kev\u00e9s.<\/p>\n<h3 style=\"text-align: justify;\">Miben seg\u00edt a business coaching?<\/h3>\n<p style=\"text-align: justify;\"><img loading=\"lazy\" decoding=\"async\" class=\" wp-image-262 alignright\" src=\"https:\/\/hroptimum.hu\/wp-content\/uploads\/2016\/10\/coaching_trening_tanacsadas_hroptimum_hu.jpg\" alt=\"business coaching tr\u00e9ning tan\u00e1csad\u00e1s\" width=\"326\" height=\"204\" srcset=\"https:\/\/hroptimum.hu\/wp-content\/uploads\/2016\/10\/coaching_trening_tanacsadas_hroptimum_hu.jpg 400w, https:\/\/hroptimum.hu\/wp-content\/uploads\/2016\/10\/coaching_trening_tanacsadas_hroptimum_hu-300x188.jpg 300w\" sizes=\"(max-width: 326px) 100vw, 326px\" \/>A <strong>business coaching<\/strong> az \u00e9let rengeteg ter\u00fclet\u00e9n k\u00e9pes maradand\u00f3 pozit\u00edv hat\u00e1st el\u00e9rni: megtan\u00edt az id\u0151vel gazd\u00e1lkodni, egyens\u00falyt teremt a munka \u00e9s mag\u00e1n\u00e9let k\u00f6z\u00f6tt, a ki\u00e9g\u00e9s (burnout) ellen hat\u00e9kony, el\u0151seg\u00edti a produkt\u00edv munkav\u00e9gz\u00e9st, \u00f6nismereti tr\u00e9ningekkel seg\u00edt az \u00e9rzelmek \u00e9s probl\u00e9m\u00e1k kezel\u00e9s\u00e9ben. A <strong>business coaching<\/strong> egy t\u00e1mogat\u00f3 foglalkoz\u00e1s, a <strong>business coach<\/strong> pedig egy t\u00e1mogat\u00f3 sz\u00f6vets\u00e9ges, aki k\u00e9rd\u00e9seivel r\u00e1vil\u00e1g\u00edt a probl\u00e9ma megold\u00e1s\u00e1ra, ez\u00e1ltal olyan eszk\u00f6zt vagy m\u00f3dszert aj\u00e1nlva, amelyet hossz\u00fa t\u00e1von alkalmazhatunk. A <strong>business coach<\/strong> nem oldja meg a felmer\u00fcl\u0151 probl\u00e9m\u00e1kat, hanem hat\u00e9konyan seg\u00edt, hogy a <strong>business coach<\/strong> folyamata sor\u00e1n mi magunk fejlessz\u00fck ki a m\u00f3dszert a megold\u00e1sra. Term\u00e9szetesen a <strong>business coach<\/strong> akt\u00edvan seg\u00edt, ha az \u00fcgyfelek megtorpannak, vagy egy-egy c\u00e9l el\u00e9r\u00e9se m\u00e9g nem z\u00f6kken\u0151mentes sz\u00e1mukra.<\/p>\n<h3 style=\"text-align: justify;\">Milyen egy business coaching foglalkoz\u00e1s?<\/h3>\n<p style=\"text-align: justify;\">\u00c1ltal\u00e1ban egy \u00f3r\u00e1sak a <strong>business coach<\/strong> foglalkoz\u00e1sok, amelyek ig\u00e9ny szerint hosszabb\u00edthat\u00f3ak. A <strong>business coaching<\/strong> t\u00f6rt\u00e9nhet szem\u00e9lyesen \u00e9s telefonon is, mindent az \u00fcgyf\u00e9l ig\u00e9nyeihez igaz\u00edtva. A technol\u00f3gia lehet\u0151v\u00e9 teszi, hogy videoh\u00edv\u00e1s sor\u00e1n is foglalkozhassunk \u00fcgyfeleinkkel.<\/p>\n<h3 style=\"text-align: justify;\">Hogyan jutunk el a c\u00e9lig a business coachinggal?<\/h3>\n<p style=\"text-align: justify;\">Az els\u0151 <strong>business coaching<\/strong> foglalkoz\u00e1s sor\u00e1n felm\u00e9rj\u00fck, hogy mi a kiindul\u00e1si helyzet. Ezut\u00e1n seg\u00edt\u00fcnk az \u00fcgyf\u00e9lnek kiv\u00e1lasztani azt a c\u00e9lt, amelyet szeretne el\u00e9rni. A<strong>business coaching<\/strong> tov\u00e1bbi foglalkoz\u00e1sai sor\u00e1n a rendelkez\u00e9sre \u00e1ll\u00f3 eszk\u00f6z\u00f6ket (hobbik, szok\u00e1sok, j\u00f3 \u00e9s rossz tulajdons\u00e1gok, er\u0151ss\u00e9gek, er\u0151forr\u00e1sok, t\u00e1mogat\u00f3k) m\u00e9rj\u00fck fel, mert ezeket fogjuk haszn\u00e1lni a kit\u0171z\u00f6tt c\u00e9l el\u00e9r\u00e9s\u00e9hez. A <strong>business coaching<\/strong> folyamat sor\u00e1n gondosan megtervezett l\u00e9p\u00e9seket ezek ut\u00e1n m\u00e1r csak meg kell val\u00f3s\u00edtani. A c\u00e9lok el\u00e9r\u00e9s\u00e9ben ez a r\u00e9sz az, amelyik a legtov\u00e1bb tart \u00e9s sokat kell k\u00fczdeni, de a <strong>business coach<\/strong>\u00a0jelenl\u00e9te \u00e9s t\u00e1mogat\u00e1sa sokat seg\u00edt a motiv\u00e1lts\u00e1gban, \u00e9s a c\u00e9lok szem el\u0151tt tart\u00e1s\u00e1ban. V\u00e9g\u00fcl a <strong>business coaching<\/strong> folyamat\u00e1nak utols\u00f3 l\u00e9p\u00e9se, amikor a sikereket \u00f6sszegezz\u00fck, \u00e9s az \u00fajonnan be\u00e9p\u00fclt szok\u00e1sok felder\u00edt\u00e9s\u00e9vel tart\u00f3ss\u00e1 tessz\u00fck a v\u00e9geredm\u00e9nyt.<\/p>\n<p>[\/et_pb_text][\/et_pb_column][\/et_pb_row][\/et_pb_section]<\/p>\n","protected":false},"excerpt":{"rendered":"<p>Mi a business coaching? A business coaching olyan szem\u00e9lyre szabott m\u00f3dszer &#8211; tan\u00e1csad\u00e1s, fejleszt\u00e9s, t\u00e1mogat\u00e1s &#8211; ahol a c\u00e9l egy c\u00e9g m\u0171k\u00f6d\u00e9s\u00e9nek hat\u00e9konyabb\u00e1 t\u00e9tele, szervezeti teljes\u00edtm\u00e9ny n\u00f6vel\u00e9se. Ez egy er\u0151teljes vezet\u0151i v\u00e1ltoz\u00e1s t\u00e1mogat\u00f3 folyamat. A business coaching n\u00e9h\u00e1ny h\u00f3nap alatt olyan megold\u00e1sokat eredm\u00e9nyez, szok\u00e1sokat r\u00f6gz\u00edt az \u00fcgyf\u00e9l mindennapjaiban, amelyek hossz\u00fa t\u00e1von seg\u00edtik a c\u00e9lok el\u00e9r\u00e9s\u00e9ben. [&hellip;]<\/p>\n","protected":false},"author":2,"featured_media":213,"parent":0,"menu_order":0,"comment_status":"closed","ping_status":"closed","template":"","meta":{"_et_pb_use_builder":"on","_et_pb_old_content":"<h3 style=\"text-align: justify;\">Mi a business coaching?<\/h3>\r\n<p style=\"text-align: justify;\">A business coaching olyan szem\u00e9lyre szabott m\u00f3dszer, amely seg\u00edti el\u00e9rni a kit\u0171z\u00f6tt c\u00e9ljainkat, beoszt\u00e1st\u00f3l f\u00fcggetlen\u00fcl. Ez lehet mag\u00e1n\u00e9leti \u00e9s munkahelyi c\u00e9l is. A business coaching n\u00e9h\u00e1ny h\u00f3nap alatt olyan szok\u00e1sokat r\u00f6gz\u00edt az \u00fcgyf\u00e9l mindennapjaiban, amelyek hossz\u00fa t\u00e1von seg\u00edtik a c\u00e9lok el\u00e9r\u00e9s\u00e9ben. A business coaching eredm\u00e9nyess\u00e9g\u00e9hez elk\u00f6telezetts\u00e9g \u00e9s v\u00e1ltozni akar\u00e1s is sz\u00fcks\u00e9ges, egy j\u00f3 coach \u00f6nmag\u00e1ban ehhez kev\u00e9s.<\/p>\r\n\r\n<h3 style=\"text-align: justify;\">Miben seg\u00edt a business coaching?<\/h3>\r\n<p style=\"text-align: justify;\"><img class=\" wp-image-262 alignright\" src=\"https:\/\/hroptimum.hu\/wp-content\/uploads\/2016\/10\/coaching_trening_tanacsadas_hroptimum_hu.jpg\" alt=\"business coaching tr\u00e9ning tan\u00e1csad\u00e1s\" width=\"326\" height=\"204\" \/>A business coaching az \u00e9let rengeteg ter\u00fclet\u00e9n k\u00e9pes maradand\u00f3 pozit\u00edv hat\u00e1st el\u00e9rni: megtan\u00edt az id\u0151vel gazd\u00e1lkodni, egyens\u00falyt teremt a munka \u00e9s mag\u00e1n\u00e9let k\u00f6z\u00f6tt, a ki\u00e9g\u00e9s (burnout) ellen hat\u00e9kony, el\u0151seg\u00edti a produkt\u00edv munkav\u00e9gz\u00e9st, \u00f6nismereti tr\u00e9ningekkel seg\u00edt az \u00e9rzelmek \u00e9s probl\u00e9m\u00e1k kezel\u00e9s\u00e9ben. A coaching egy t\u00e1mogat\u00f3 foglalkoz\u00e1s, a business coach pedig egy t\u00e1mogat\u00f3 sz\u00f6vets\u00e9ges, aki k\u00e9rd\u00e9seivel r\u00e1vil\u00e1g\u00edt a probl\u00e9ma megold\u00e1s\u00e1ra, ez\u00e1ltal olyan eszk\u00f6zt vagy m\u00f3dszert aj\u00e1nlva, amelyet hossz\u00fa t\u00e1von alkalmazhatunk. A coach nem oldja meg a felmer\u00fcl\u0151 probl\u00e9m\u00e1kat, hanem hat\u00e9konyan seg\u00edt, hogy a business coaching folyamata sor\u00e1n mi magunk fejlessz\u00fck ki a m\u00f3dszert a megold\u00e1sra. Term\u00e9szetesen a business coach akt\u00edvan seg\u00edt, ha az \u00fcgyfelek megtorpannak, vagy egy-egy c\u00e9l el\u00e9r\u00e9se m\u00e9g nem z\u00f6kken\u0151mentes sz\u00e1mukra.<\/p>\r\n\r\n<h3 style=\"text-align: justify;\">Milyen egy business coaching foglalkoz\u00e1s?<\/h3>\r\n<p style=\"text-align: justify;\">\u00c1ltal\u00e1ban egy \u00f3r\u00e1sak a business coaching foglalkoz\u00e1sok, amelyek ig\u00e9ny szerint hosszabb\u00edthat\u00f3ak. A business coaching t\u00f6rt\u00e9nhet szem\u00e9lyesen \u00e9s telefonon is, mindent az \u00fcgyf\u00e9l ig\u00e9nyeihez igaz\u00edtva. A technol\u00f3gia lehet\u0151v\u00e9 teszi, hogy videoh\u00edv\u00e1s sor\u00e1n is foglalkozhassunk \u00fcgyfeleinkkel.<\/p>\r\n\r\n<h3 style=\"text-align: justify;\">Hogyan jutunk el a c\u00e9lig a business coachinggal?<\/h3>\r\n<p style=\"text-align: justify;\">Az els\u0151 business coaching foglalkoz\u00e1s sor\u00e1n felm\u00e9rj\u00fck, hogy mi a kiindul\u00e1si helyzet. Ezut\u00e1n seg\u00edt\u00fcnk az \u00fcgyf\u00e9lnek kiv\u00e1lasztani azt a c\u00e9lt, amelyet szeretne el\u00e9rni. A business coaching tov\u00e1bbi foglalkoz\u00e1sai sor\u00e1n a rendelkez\u00e9sre \u00e1ll\u00f3 eszk\u00f6z\u00f6ket (hobbik, szok\u00e1sok, j\u00f3 \u00e9s rossz tulajdons\u00e1gok, er\u0151ss\u00e9gek, er\u0151forr\u00e1sok, t\u00e1mogat\u00f3k) m\u00e9rj\u00fck fel, mert ezeket fogjuk haszn\u00e1lni a kit\u0171z\u00f6tt c\u00e9l el\u00e9r\u00e9s\u00e9hez. A business coaching folyamat sor\u00e1n gondosan megtervezett l\u00e9p\u00e9seket ezek ut\u00e1n m\u00e1r csak meg kell val\u00f3s\u00edtani. A c\u00e9lok el\u00e9r\u00e9s\u00e9ben ez a r\u00e9sz az, amelyik a legtov\u00e1bb tart \u00e9s sokat kell k\u00fczdeni, de a coach jelenl\u00e9te \u00e9s t\u00e1mogat\u00e1sa sokat seg\u00edt a motiv\u00e1lts\u00e1gban, \u00e9s a c\u00e9lok szem el\u0151tt tart\u00e1s\u00e1ban. V\u00e9g\u00fcl a business coaching folyamat\u00e1nak utols\u00f3 l\u00e9p\u00e9se, amikor a sikereket \u00f6sszegezz\u00fck, \u00e9s az \u00fajonnan be\u00e9p\u00fclt szok\u00e1sok felder\u00edt\u00e9s\u00e9vel tart\u00f3ss\u00e1 tessz\u00fck a v\u00e9geredm\u00e9nyt.<\/p>","_et_gb_content_width":"","footnotes":""},"class_list":["post-232","page","type-page","status-publish","has-post-thumbnail","hentry"],"aioseo_notices":[],"_links":{"self":[{"href":"https:\/\/hroptimum.hu\/index.php\/wp-json\/wp\/v2\/pages\/232","targetHints":{"allow":["GET"]}}],"collection":[{"href":"https:\/\/hroptimum.hu\/index.php\/wp-json\/wp\/v2\/pages"}],"about":[{"href":"https:\/\/hroptimum.hu\/index.php\/wp-json\/wp\/v2\/types\/page"}],"author":[{"embeddable":true,"href":"https:\/\/hroptimum.hu\/index.php\/wp-json\/wp\/v2\/users\/2"}],"replies":[{"embeddable":true,"href":"https:\/\/hroptimum.hu\/index.php\/wp-json\/wp\/v2\/comments?post=232"}],"version-history":[{"count":12,"href":"https:\/\/hroptimum.hu\/index.php\/wp-json\/wp\/v2\/pages\/232\/revisions"}],"predecessor-version":[{"id":438,"href":"https:\/\/hroptimum.hu\/index.php\/wp-json\/wp\/v2\/pages\/232\/revisions\/438"}],"wp:featuredmedia":[{"embeddable":true,"href":"https:\/\/hroptimum.hu\/index.php\/wp-json\/wp\/v2\/media\/213"}],"wp:attachment":[{"href":"https:\/\/hroptimum.hu\/index.php\/wp-json\/wp\/v2\/media?parent=232"}],"curies":[{"name":"wp","href":"https:\/\/api.w.org\/{rel}","templated":true}]}}