{"id":270,"date":"2016-11-02T15:26:03","date_gmt":"2016-11-02T15:26:03","guid":{"rendered":"https:\/\/hroptimum.hu\/?page_id=270"},"modified":"2016-11-06T16:40:09","modified_gmt":"2016-11-06T16:40:09","slug":"szervezetfejlesztesi-hatekonysagnovelesi-szolgaltatasaink","status":"publish","type":"page","link":"https:\/\/hroptimum.hu\/index.php\/szervezetfejlesztesi-hatekonysagnovelesi-szolgaltatasaink\/","title":{"rendered":"Szervezetfejleszt\u00e9si, hat\u00e9konys\u00e1gn\u00f6vel\u00e9si szolg\u00e1ltat\u00e1saink"},"content":{"rendered":"<h2 style=\"text-align: center;\">\u00a0<strong>Szervezet strat\u00e9gi\u00e1j\u00e1nak kidolgoz\u00e1sa<\/strong><\/h2>\n<p style=\"text-align: center;\">A szervezet k\u00fcldet\u00e9se alapj\u00e1n kidolgozzuk a\u00a0szervezeti \u00e9s szakter\u00fcleti strat\u00e9gi\u00e1kat<\/p>\n<p style=\"text-align: center;\">A c\u00e9lok levezet\u00e9se a strat\u00e9gi\u00e1b\u00f3l kiindulva<\/p>\n<p style=\"text-align: center;\">Hossz\u00fa t\u00e1v\u00fa tervek lebont\u00e1sa \u00fczleti ter\u00fcletekre \u00e9s szakter\u00fcletekre<\/p>\n<p style=\"text-align: center;\">A strat\u00e9giai tervek el\u00e9r\u00e9s\u00e9t szolg\u00e1l\u00f3 kritikus sikert\u00e9nyez\u0151k meghat\u00e1roz\u00e1sa<\/p>\n<p style=\"text-align: center;\">A strat\u00e9gia megismertet\u00e9s\u00e9t seg\u00edt\u0151\u00a0kommunik\u00e1ci\u00f3s strukt\u00fara\u00a0kidolgoz\u00e1sa<\/p>\n<h2 style=\"text-align: center;\"><strong>Szervezetfejleszt\u00e9s<\/strong><\/h2>\n<p style=\"text-align: center;\">Az alap koncepci\u00f3b\u00f3l kiindulva a szervezeti modell kialak\u00edt\u00e1sa, a k\u00fcl\u00f6nb\u00f6z\u0151 szakter\u00fcletek c\u00e9ljainak, egym\u00e1s k\u00f6z\u00f6tti egy\u00fcttm\u0171k\u00f6d\u00e9s\u00e9nek meghat\u00e1roz\u00e1s\u00e1ra<\/p>\n<p style=\"text-align: center;\">A c\u00e9lok lebont\u00e1s\u00e1val a feladatok meghat\u00e1roz\u00e1sa, hat\u00e1sk\u00f6r\u00f6k pontos\u00edt\u00e1sa, d\u00f6nt\u00e9si szintek meghat\u00e1roz\u00e1sa<\/p>\n<p style=\"text-align: center;\">Folyamatok megszervez\u00e9se, a folyamatok p\u00e1rhuzamoss\u00e1g\u00e1nak felismer\u00e9se \u00e9s megsz\u00fcntet\u00e9se<\/p>\n<p style=\"text-align: center;\">Szervezeti m\u0171k\u00f6d\u00e9si szab\u00e1lyzat kidolgoz\u00e1sa<\/p>\n<p style=\"text-align: center;\">A munkak\u00f6ri szerepek tiszt\u00e1z\u00e1sa, az elv\u00e1r\u00e1sokat r\u00f6gz\u00edt\u0151 munkak\u00f6ri specifik\u00e1ci\u00f3 kidolgoz\u00e1sa<\/p>\n<h2 style=\"text-align: center;\"><strong>Szervezeti hat\u00e9konys\u00e1g n\u00f6vel\u00e9se<\/strong><\/h2>\n<p style=\"text-align: center;\">Szervezet \u00e1tvil\u00e1g\u00edt\u00e1sa, a jelenlegi helyzet felm\u00e9r\u00e9se (folyamatok, l\u00e9tsz\u00e1m, k\u00f6lts\u00e9gek)<\/p>\n<p style=\"text-align: center;\">A m\u0171k\u00f6d\u00e9sben rejl\u0151 tartal\u00e9kok felt\u00e1r\u00e1sa, annak meghat\u00e1roz\u00e1sa, hogy mik\u00e9nt lehet a folyamatokat racionaliz\u00e1lni<\/p>\n<p style=\"text-align: center;\">V\u00e1ltoz\u00e1smenedzsment<\/p>\n<h2 style=\"text-align: center;\"><strong>Folyamatok racionaliz\u00e1l\u00e1sa<\/strong><\/h2>\n<p style=\"text-align: center;\">A jelenlegi tev\u00e9kenys\u00e9gek\/folyamatok \u00e1ttekint\u00e9se, a nem optim\u00e1lis folyamatok r\u00e9szletes vizsg\u00e1lata<\/p>\n<p style=\"text-align: center;\">Az folyamatok \u00e1tfed\u00e9seinek felt\u00e1r\u00e1sa, a\u00a0p\u00e1rhuzamoss\u00e1gok felt\u00e1r\u00e1sa<\/p>\n<p style=\"text-align: center;\">Feladatok pontos elhat\u00e1rol\u00e1sa, feladattervek \u00e1ttekint\u00e9se<\/p>\n<p style=\"text-align: center;\">D\u00f6nt\u00e9si szintek \u00e9s kompetenci\u00e1k meghat\u00e1roz\u00e1sa, szab\u00e1lyoz\u00e1sa<\/p>\n<p style=\"text-align: center;\">Folyamatok optimaliz\u00e1l\u00e1sa \u00e9s a c\u00e9lok, felel\u0151ss\u00e9gek \u00f6sszehangol\u00e1sa<\/p>\n<h2 style=\"text-align: center;\"><strong>L\u00e9tsz\u00e1mtervez\u00e9s<\/strong><\/h2>\n<p style=\"text-align: center;\">A jelenlegi folyamatok \u00e9s teljes\u00edtm\u00e9nyek elemz\u00e9se<\/p>\n<p style=\"text-align: center;\">Az sz\u00fcks\u00e9ges\u00a0l\u00e9tsz\u00e1m meghat\u00e1roz\u00e1sa a tev\u00e9kenys\u00e9gek elemz\u00e9se alapj\u00e1n \u00e9s a m\u0171k\u00f6d\u00e9si k\u00f6lts\u00e9gek fel\u00fclvizsg\u00e1lata alapj\u00e1n<\/p>\n<p style=\"text-align: center;\">A funkci\u00f3k szerinti l\u00e9tsz\u00e1mmegoszl\u00e1s meghat\u00e1roz\u00e1sa<\/p>\n<h2 style=\"text-align: center;\"><strong>K\u00f6lts\u00e9g-kontrolling<\/strong><\/h2>\n<p style=\"text-align: center;\">K\u00f6lts\u00e9gtervez\u00e9si rendszer finom\u00edt\u00e1sa<\/p>\n<p style=\"text-align: center;\">Tervezett, t\u00e9nyleges \u00e9s sz\u00fcks\u00e9ges\u00a0k\u00f6lts\u00e9gek sz\u00e1m\u00edt\u00e1sa<\/p>\n<p style=\"text-align: center;\">A m\u0171k\u00f6d\u00e9sben rejl\u0151 gazdas\u00e1gtalans\u00e1gok felt\u00e1r\u00e1sa a k\u00f6lts\u00e9gek \u00e1tl\u00e1that\u00f3s\u00e1g\u00e1nak megteremt\u00e9s\u00e9vel a<\/p>\n<p style=\"text-align: center;\">Racionaliz\u00e1l\u00e1si lehet\u0151s\u00e9gek felt\u00e1r\u00e1sa<\/p>\n<p style=\"text-align: center;\">A k\u00f6lts\u00e9gtudatos \u00e9s felel\u0151s magatart\u00e1s megteremt\u00e9se<\/p>\n<h2 style=\"text-align: center;\"><strong>V\u00e1ls\u00e1g- \u00e9s v\u00e1ltoz\u00e1s tan\u00e1csad\u00e1s<\/strong><\/h2>\n<p style=\"text-align: center;\">A v\u00e1ltoz\u00e1sok sz\u00fcks\u00e9gess\u00e9g\u00e9nek felismer\u00e9se,<\/p>\n<p style=\"text-align: center;\">A v\u00e1ltoz\u00e1sok gener\u00e1l\u00e1sa, a v\u00e1ltoz\u00e1sok kommunik\u00e1ci\u00f3ja<\/p>\n<p style=\"text-align: center;\">Integr\u00e1lt v\u00e1ltoztat\u00e1si menetrend kidolgoz\u00e1sa,<\/p>\n<p style=\"text-align: center;\">A v\u00e1ltoz\u00e1st levezet\u0151 \u00e1tmeneti strukt\u00fara kialak\u00edt\u00e1sa<\/p>\n<p style=\"text-align: center;\">Emberek bevon\u00e1sa \u00e9s \u00f6szt\u00f6nz\u00e9se\u00a0a tervezett v\u00e1ltoz\u00e1sok sikeres v\u00e9grehajt\u00e1sa \u00e9rdek\u00e9ben<\/p>\n<p style=\"text-align: center;\">A v\u00e1ltoz\u00e1sokkal kapcsolatos konfliktusok kezel\u00e9se<\/p>\n<p style=\"text-align: center;\">A megval\u00f3s\u00edt\u00e1s figyelemmel k\u00eds\u00e9r\u00e9se, hogy az eredm\u00e9nyek \u00a0tart\u00f3s \u00e9s fenntarthat\u00f3ak legyenek<\/p>\n","protected":false},"excerpt":{"rendered":"<p>\u00a0Szervezet strat\u00e9gi\u00e1j\u00e1nak kidolgoz\u00e1sa A szervezet k\u00fcldet\u00e9se alapj\u00e1n kidolgozzuk a\u00a0szervezeti \u00e9s szakter\u00fcleti strat\u00e9gi\u00e1kat A c\u00e9lok levezet\u00e9se a strat\u00e9gi\u00e1b\u00f3l kiindulva Hossz\u00fa t\u00e1v\u00fa tervek lebont\u00e1sa \u00fczleti ter\u00fcletekre \u00e9s szakter\u00fcletekre A strat\u00e9giai tervek el\u00e9r\u00e9s\u00e9t szolg\u00e1l\u00f3 kritikus sikert\u00e9nyez\u0151k meghat\u00e1roz\u00e1sa A strat\u00e9gia megismertet\u00e9s\u00e9t seg\u00edt\u0151\u00a0kommunik\u00e1ci\u00f3s strukt\u00fara\u00a0kidolgoz\u00e1sa Szervezetfejleszt\u00e9s Az alap koncepci\u00f3b\u00f3l kiindulva a szervezeti modell kialak\u00edt\u00e1sa, a k\u00fcl\u00f6nb\u00f6z\u0151 szakter\u00fcletek c\u00e9ljainak, egym\u00e1s k\u00f6z\u00f6tti egy\u00fcttm\u0171k\u00f6d\u00e9s\u00e9nek [&hellip;]<\/p>\n","protected":false},"author":2,"featured_media":0,"parent":0,"menu_order":0,"comment_status":"closed","ping_status":"closed","template":"","meta":{"_et_pb_use_builder":"","_et_pb_old_content":"","_et_gb_content_width":"","footnotes":""},"class_list":["post-270","page","type-page","status-publish","hentry"],"aioseo_notices":[],"_links":{"self":[{"href":"https:\/\/hroptimum.hu\/index.php\/wp-json\/wp\/v2\/pages\/270","targetHints":{"allow":["GET"]}}],"collection":[{"href":"https:\/\/hroptimum.hu\/index.php\/wp-json\/wp\/v2\/pages"}],"about":[{"href":"https:\/\/hroptimum.hu\/index.php\/wp-json\/wp\/v2\/types\/page"}],"author":[{"embeddable":true,"href":"https:\/\/hroptimum.hu\/index.php\/wp-json\/wp\/v2\/users\/2"}],"replies":[{"embeddable":true,"href":"https:\/\/hroptimum.hu\/index.php\/wp-json\/wp\/v2\/comments?post=270"}],"version-history":[{"count":5,"href":"https:\/\/hroptimum.hu\/index.php\/wp-json\/wp\/v2\/pages\/270\/revisions"}],"predecessor-version":[{"id":441,"href":"https:\/\/hroptimum.hu\/index.php\/wp-json\/wp\/v2\/pages\/270\/revisions\/441"}],"wp:attachment":[{"href":"https:\/\/hroptimum.hu\/index.php\/wp-json\/wp\/v2\/media?parent=270"}],"curies":[{"name":"wp","href":"https:\/\/api.w.org\/{rel}","templated":true}]}}

Szervezetfejlesztési, hatékonyságnövelési szolgáltatásaink

<h2 style="text-align: center;"> <strong>Szervezet stratégiájának kidolgozása</strong></h2>
<p style="text-align: center;">A szervezet küldetése alapján kidolgozzuk a szervezeti és szakterületi stratégiákat</p>
<p style="text-align: center;">A célok levezetése a stratégiából kiindulva</p>
<p style="text-align: center;">Hosszú távú tervek lebontása üzleti területekre és szakterületekre</p>
<p style="text-align: center;">A stratégiai tervek elérését szolgáló kritikus sikertényezők meghatározása</p>
<p style="text-align: center;">A stratégia megismertetését segítő kommunikációs struktúra kidolgozása</p>
<h2 style="text-align: center;"><strong>Szervezetfejlesztés</strong></h2>
<p style="text-align: center;">Az alap koncepcióból kiindulva a szervezeti modell kialakítása, a különböző szakterületek céljainak, egymás közötti együttműködésének meghatározására</p>
<p style="text-align: center;">A célok lebontásával a feladatok meghatározása, hatáskörök pontosítása, döntési szintek meghatározása</p>
<p style="text-align: center;">Folyamatok megszervezése, a folyamatok párhuzamosságának felismerése és megszüntetése</p>
<p style="text-align: center;">Szervezeti működési szabályzat kidolgozása</p>
<p style="text-align: center;">A munkaköri szerepek tisztázása, az elvárásokat rögzítő munkaköri specifikáció kidolgozása</p>
<h2 style="text-align: center;"><strong>Szervezeti hatékonyság növelése</strong></h2>
<p style="text-align: center;">Szervezet átvilágítása, a jelenlegi helyzet felmérése (folyamatok, létszám, költségek)</p>
<p style="text-align: center;">A működésben rejlő tartalékok feltárása, annak meghatározása, hogy miként lehet a folyamatokat racionalizálni</p>
<p style="text-align: center;">Változásmenedzsment</p>
<h2 style="text-align: center;"><strong>Folyamatok racionalizálása</strong></h2>
<p style="text-align: center;">A jelenlegi tevékenységek/folyamatok áttekintése, a nem optimális folyamatok részletes vizsgálata</p>
<p style="text-align: center;">Az folyamatok átfedéseinek feltárása, a párhuzamosságok feltárása</p>
<p style="text-align: center;">Feladatok pontos elhatárolása, feladattervek áttekintése</p>
<p style="text-align: center;">Döntési szintek és kompetenciák meghatározása, szabályozása</p>
<p style="text-align: center;">Folyamatok optimalizálása és a célok, felelősségek összehangolása</p>
<h2 style="text-align: center;"><strong>Létszámtervezés</strong></h2>
<p style="text-align: center;">A jelenlegi folyamatok és teljesítmények elemzése</p>
<p style="text-align: center;">Az szükséges létszám meghatározása a tevékenységek elemzése alapján és a működési költségek felülvizsgálata alapján</p>
<p style="text-align: center;">A funkciók szerinti létszámmegoszlás meghatározása</p>
<h2 style="text-align: center;"><strong>Költség-kontrolling</strong></h2>
<p style="text-align: center;">Költségtervezési rendszer finomítása</p>
<p style="text-align: center;">Tervezett, tényleges és szükséges költségek számítása</p>
<p style="text-align: center;">A működésben rejlő gazdaságtalanságok feltárása a költségek átláthatóságának megteremtésével a</p>
<p style="text-align: center;">Racionalizálási lehetőségek feltárása</p>
<p style="text-align: center;">A költségtudatos és felelős magatartás megteremtése</p>
<h2 style="text-align: center;"><strong>Válság- és változás tanácsadás</strong></h2>
<p style="text-align: center;">A változások szükségességének felismerése,</p>
<p style="text-align: center;">A változások generálása, a változások kommunikációja</p>
<p style="text-align: center;">Integrált változtatási menetrend kidolgozása,</p>
<p style="text-align: center;">A változást levezető átmeneti struktúra kialakítása</p>
<p style="text-align: center;">Emberek bevonása és ösztönzése a tervezett változások sikeres végrehajtása érdekében</p>
<p style="text-align: center;">A változásokkal kapcsolatos konfliktusok kezelése</p>
<p style="text-align: center;">A megvalósítás figyelemmel kísérése, hogy az eredmények  tartós és fenntarthatóak legyenek</p>

<p> Szervezet stratégiájának kidolgozása A szervezet küldetése alapján kidolgozzuk a szervezeti és szakterületi stratégiákat A célok levezetése a stratégiából kiindulva Hosszú távú tervek lebontása üzleti területekre és szakterületekre A stratégiai tervek elérését szolgáló kritikus sikertényezők meghatározása A stratégia megismertetését segítő kommunikációs struktúra kidolgozása Szervezetfejlesztés Az alap koncepcióból kiindulva a szervezeti modell kialakítása, a különböző szakterületek céljainak, egymás közötti együttműködésének [&hellip;]</p>
